 base 13, what is 14c7 + -2?
14c5
In base 10, what is -5 - 4792?
-4797
In base 6, what is 0 - -12?
12
In base 9, what is 1306 - -1?
1307
In base 15, what is -4bc + -4?
-4c1
In base 12, what is -b09 - 2?
-b0b
In base 4, what is -11311 + -1?
-11312
In base 15, what is -65 + -5?
-6a
In base 3, what is 0 + -11?
-11
In base 11, what is -3 - 172?
-175
In base 12, what is 0 - -162?
162
In base 9, what is 16 + -11?
5
In base 15, what is -79d + 3?
-79a
In base 14, what is -351 - 10?
-361
In base 4, what is 11 + -222?
-211
In base 14, what is 4 + -a4?
-a0
In base 15, what is 4 - -7e2?
7e6
In base 6, what is 3 + -43?
-40
In base 10, what is 1283 + -3?
1280
In base 11, what is 1 - -49a?
4a0
In base 9, what is -2 + -44?
-46
In base 11, what is -193 - -12?
-181
In base 3, what is 21 + -20?
1
In base 13, what is 13 - -4?
17
In base 16, what is -1 - 29?
-2a
In base 5, what is 223113 - -2?
223120
In base 3, what is 222 - -1121?
2120
In base 16, what is -a0 + -5?
-a5
In base 8, what is -105 - 24?
-131
In base 3, what is -210202 + -1?
-210210
In base 10, what is 180 - -3?
183
In base 6, what is -2 + 44520?
44514
In base 6, what is -12 + 1?
-11
In base 14, what is 50a + 5?
511
In base 15, what is -6 - -40?
39
In base 13, what is 4 - 12a?
-126
In base 12, what is 18 + -a2?
-86
In base 13, what is -75 + 115?
70
In base 14, what is -c - 3?
-11
In base 16, what is 5 + -f?
-a
In base 6, what is 40 - 11?
25
In base 8, what is 0 + 3251?
3251
In base 2, what is 101 - 11101010?
-11100101
In base 6, what is 4 + -502?
-454
In base 16, what is -8 + 9?
1
In base 7, what is 1634 - -21?
1655
In base 10, what is -1181 + -8?
-1189
In base 7, what is 2 + 145?
150
In base 15, what is -16 - e?
-25
In base 8, what is -4046 + 0?
-4046
In base 12, what is a0 + -2?
9a
In base 5, what is 3400 + -2?
3343
In base 14, what is 22b3 + 0?
22b3
In base 15, what is 1 - 47?
-46
In base 12, what is 23b + 0?
23b
In base 6, what is 113 + 41?
154
In base 3, what is -11 + -202111?
-202122
In base 6, what is 31 + 133?
204
In base 10, what is -17 - 17?
-34
In base 4, what is -22333 - 23?
-23022
In base 13, what is -4c4a + -2?
-4c4c
In base 15, what is -4 + 214?
210
In base 6, what is 5531 + -1?
5530
In base 3, what is -1221100 + 10?
-1221020
In base 6, what is -32420 + 1?
-32415
In base 6, what is 3 + -304?
-301
In base 3, what is 11120 + -21112?
-2222
In base 2, what is 10111100010001 - -10?
10111100010011
In base 5, what is -2224 - -2?
-2222
In base 2, what is -100 - -1?
-11
In base 4, what is 2 + 3030?
3032
In base 11, what is -5 - 696?
-6a0
In base 15, what is 5eb + -2?
5e9
In base 10, what is -3 + -67?
-70
In base 11, what is 1a2 - 4?
199
In base 8, what is 7230 - -3?
7233
In base 4, what is 211213 - -2?
211221
In base 15, what is -1140 - -2?
-113d
In base 15, what is 6 - -2?
8
In base 6, what is -1122 - 4?
-1130
In base 6, what is 4 - -33?
41
In base 8, what is 5 - 125?
-120
In base 5, what is 3 - 1114?
-1111
In base 14, what is 8 - -2cc?
2d6
In base 14, what is -14 + 673?
65d
In base 4, what is 2222 + 213?
3101
In base 4, what is -2 + 2111?
2103
In base 3, what is 22202 - -2?
22211
In base 8, what is 26 - -314?
342
In base 9, what is 5218 - 4?
5214
In base 16, what is -68 + -4?
-6c
In base 12, what is -23 - a0?
-103
In base 14, what is 4 - 2c?
-28
In base 4, what is 103 - -21?
130
In base 14, what is 6 - 6b?
-65
In base 4, what is 111 + 1?
112
In base 9, what is 256 - 2?
254
In base 15, what is -4e + -8c?
-db
In base 10, what is 5 - 119?
-114
In base 6, what is -200 - 2345?
-2545
In base 4, what is -103023 - 10?
-103033
In base 5, what is 310 + 11?
321
In base 2, what is -1100111101111 - 10?
-1100111110001
In base 16, what is -4 - -e8?
e4
In base 10, what is -2 + 419?
417
In base 4, what is 13 - 111?
-32
In base 15, what is -283 - -5?
-27d
In base 12, what is 20 + -3?
19
In base 6, what is -301 + -3?
-304
In base 8, what is 5 - 1136?
-1131
In base 6, what is 2404 - -2?
2410
In base 16, what is -3 - 28?
-2b
In base 2, what is -110 + 10100011101?
10100010111
In base 9, what is -11 - 14?
-25
In base 13, what is -67 - -3?
-64
In base 2, what is 11 - -10000011000?
10000011011
In base 7, what is -12 + 44?
32
In base 7, what is -21 - -166?
145
In base 11, what is 3601 + 4?
3605
In base 7, what is 43 - 3?
40
In base 8, what is 654 + -4?
650
In base 2, what is -110 + -1111?
-10101
In base 9, what is 2163 - 4?
2158
In base 13, what is 25 - -c?
34
In base 7, what is 1410 - -2?
1412
In base 8, what is 1 + 133?
134
In base 11, what is -6 + -592?
-598
In base 14, what is 12d8 - 0?
12d8
In base 12, what is -11 + 205?
1b4
In base 6, what is 3 - -1?
4
In base 13, what is -1c + a?
-12
In base 9, what is 1 - -501?
502
In base 11, what is 4 + 271?
275
In base 8, what is -5 - -3506?
3501
In base 5, what is -4 - -2033?
2024
In base 4, what is -2123 - 11?
-2200
In base 2, what is -1010101 - 1000?
-1011101
In base 15, what is 2 + 2e?
31
In base 11, what is -2a - 0?
-2a
In base 9, what is 52 - -27?
80
In base 3, what is -1 + -2221?
-2222
In base 4, what is 301211 - -11?
301222
In base 5, what is -3 + -14?
-22
In base 13, what is -2b4 - -5?
-2ac
In base 5, what is 24 - 22?
2
In base 14, what is 1 + -1726?
-1725
In base 12, what is 1b - -1?
20
In base 8, what is 0 + 67?
67
In base 2, what is 11 - 11001110000?
-11001101101
In base 16, what is 1f + 2?
21
In base 4, what is -1 + 2232?
2231
In base 14, what is -3 - -54?
51
In base 7, what is -4 + 51?
44
In base 15, what is -9bc - 2?
-9be
In base 14, what is -5 - 25?
-2a
In base 3, what is -1020202 + 0?
-1020202
In base 2, what is 101 - 1101?
-1000
In base 9, what is -1041 + -14?
-1055
In base 12, what is -2 + 281?
27b
In base 9, what is 5 + 15?
21
In base 15, what is 2 - -4c?
4e
In base 3, what is 1 + 21202?
21210
In base 9, what is 3 + 81?
84
In base 15, what is 355 + 3?
358
In base 2, what is 110000101 + -1100?
101111001
In base 6, what is -23041 + -2?
-23043
In base 3, what is -10022 + -200?
-10222
In base 6, what is -2 - 130?
-132
In base 13, what is -2c50 + -2?
-2c52
In base 14, what is -9 - -cd?
c4
In base 6, what is -24 + 30?
2
In base 16, what is 33 - 10?
23
In base 7, what is -3 + 1?
-2
In base 15, what is -69 + -1?
-6a
In base 8, what is -304 + -30?
-334
In base 13, what is -10 - 19?
-29
In base 6, what is 10 + -11513?
-11503
In base 9, what is -6 + 5522?
5515
In base 12, what is -4b5 - -3?
-4b2
In base 3, what is -1020202 + -101?
-1021010
In base 13, what is -c44a + -1?
-c44b
In base 10, what is 52 + -4?
48
In base 5, what is -3 + 1033?
1030
In base 12, what is -43 - 0?
-43
In base 5, what is 4 + 1022?
1031
In base 6, what is 2413 - 12?
2401
In base 13, what is -3c + -6?
-45
In base 5, what is -4122 - 0?
-4122
In base 8, what is 2 + 746?
750
In base 5, what is 44 - 4134?
-4040
In base 13, what is -4 - -55?
51
In base 13, what is -3 + -5a?
-60
In base 8, what is -1 - -601?
600
In base 7, what is 20 + 6?
26
In base 8, what is 65412 + 1?
65413
In base 13, what is 17 - 9?
b
In base 15, what is -6 + -38?
-3e
In base 11, what is -5 - 1a?
-24
In base 15, what is -82 - -c?
-75
In base 6, what is -2 - -320?
314
In base 8, what is -136 - -406?
250
In base 8, what is 11 - 13?
-2
In base 12, what is 28a0 + -4?
2898
In base 7, what is -13 - 51?
-64
In base 10, what is -3 - 35?
-38
In base 6, what is 43 + -40?
3
In base 4, what is 0 - 122?
-122
In base 3, what is -12 - -1210111?
1210022
In base 7, what is 5 + 312?
320
In base 7, what is -1 - 455?
-456
In base 6, what is -15 + -142?
-201
In base 4, what is -131011 + -22?
-131033
In base 7, what is -5 - -544?
536
In base 15, what is 15 + 4b?
61
In base 10, what is -272 - 27?
-299
In base 13, what is -2 - -1520?
151b
In base 5, what is 4010 - -1?
4011
In base 8, what is 4 - -33?
37
In base 9, what is -1 + -246?
-247
In base 3, what is -100020222 - 0?
-100020222
In base 7, what is -1226 + -2?
-1231
In base 13, what is -3 - 0?
-3
In base 12, what is 1b32 - 7?
1b27
In base 6, what is -4 + -1130?
-1134
In base 15, what is 2 - -1db?
1dd
In base 13, what is -561 - 7?
-568
In base 2, what is 10 + 1100000010?
1100000100
In base 3, what is -1001 - -210022?
202021
In base 11, what is 5 - 62?
-58
In base 2, what is -1100110 - 101?
-1101011
In base 12, what is -8 - -145?
139
In base 10, what is -137 + 1?
-136
In base 4, what is 11 - -2231?